{"version":"1.0","provider_name":"Lernen ohne Grenzen","provider_url":"https:\/\/leren-zonder-grenzen.com\/de\/","author_name":"Bert Dikken","author_url":"https:\/\/leren-zonder-grenzen.com\/de\/author\/bert-dikken\/","title":"Unschlagbar auf dem Arbeitsmarkt - Lernen ohne Grenzen","type":"rich","width":600,"height":338,"html":"<blockquote class=\"wp-embedded-content\" data-secret=\"Htc0PIxt25\"><a href=\"https:\/\/leren-zonder-grenzen.com\/de\/unschlagbar-auf-dem-arbeitsmarkt\/\">Unschlagbar auf dem Arbeitsmarkt<\/a><\/blockquote><iframe sandbox=\"allow-scripts\" security=\"restricted\" src=\"https:\/\/leren-zonder-grenzen.com\/de\/unschlagbar-auf-dem-arbeitsmarkt\/embed\/#?secret=Htc0PIxt25\" width=\"600\" height=\"338\" title=\"&#8222;Unschlagbar auf dem Arbeitsmarkt&#8220; &#8211; Lernen ohne Grenzen\" data-secret=\"Htc0PIxt25\" frameborder=\"0\" marginwidth=\"0\" marginheight=\"0\" scrolling=\"no\" class=\"wp-embedded-content\"><\/iframe><script>\n\/*! This file is auto-generated *\/\n!function(d,l){\"use strict\";l.querySelector&&d.addEventListener&&\"undefined\"!=typeof URL&&(d.wp=d.wp||{},d.wp.receiveEmbedMessage||(d.wp.receiveEmbedMessage=function(e){var t=e.data;if((t||t.secret||t.message||t.value)&&!\/[^a-zA-Z0-9]\/.test(t.secret)){for(var s,r,n,a=l.querySelectorAll('iframe[data-secret=\"'+t.secret+'\"]'),o=l.querySelectorAll('blockquote[data-secret=\"'+t.secret+'\"]'),c=new RegExp(\"^https?:$\",\"i\"),i=0;i<o.length;i++)o[i].style.display=\"none\";for(i=0;i<a.length;i++)s=a[i],e.source===s.contentWindow&&(s.removeAttribute(\"style\"),\"height\"===t.message?(1e3<(r=parseInt(t.value,10))?r=1e3:~~r<200&&(r=200),s.height=r):\"link\"===t.message&&(r=new URL(s.getAttribute(\"src\")),n=new URL(t.value),c.test(n.protocol))&&n.host===r.host&&l.activeElement===s&&(d.top.location.href=t.value))}},d.addEventListener(\"message\",d.wp.receiveEmbedMessage,!1),l.addEventListener(\"DOMContentLoaded\",function(){for(var e,t,s=l.querySelectorAll(\"iframe.wp-embedded-content\"),r=0;r<s.length;r++)(t=(e=s[r]).getAttribute(\"data-secret\"))||(t=Math.random().toString(36).substring(2,12),e.src+=\"#?secret=\"+t,e.setAttribute(\"data-secret\",t)),e.contentWindow.postMessage({message:\"ready\",secret:t},\"*\")},!1)))}(window,document);\n\/\/# sourceURL=https:\/\/leren-zonder-grenzen.com\/wp-includes\/js\/wp-embed.min.js\n<\/script>\n","thumbnail_url":"https:\/\/leren-zonder-grenzen.com\/wp-content\/uploads\/2025\/06\/DSC2999_22-scaled.jpg","thumbnail_width":2560,"thumbnail_height":1861,"description":"Von der Planung bis zum Austausch: Eine Leidenschaft f\u00fcr internationale Zusammenarbeit Im Gespr\u00e4ch: Tobias Ro\u00df, Projektkoordinator f\u00fcr INTERREG EKW am Berufskolleg Technik in Ahaus, berichtet \u00fcber seine T\u00e4tigkeiten, seine Motivation und den besonderen Wert grenz\u00fcberschreitender Kooperation. \u201eIch bin Projektkoordinator f\u00fcr INTERREG EKW am Berufskolleg Technik in Ahaus und fungiere als Hauptansprechpartner. Von A bis Z\u2026 [&hellip;]"}

Von der Planung bis zum Austausch: Eine Leidenschaft für internationale Zusammenarbeit Im Gespräch: Tobias Roß, Projektkoordinator für INTERREG EKW am Berufskolleg Technik in Ahaus, berichtet über seine Tätigkeiten, seine Motivation und den besonderen Wert grenzüberschreitender Kooperation. „Ich bin Projektkoordinator für INTERREG EKW am Berufskolleg Technik in Ahaus und fungiere als Hauptansprechpartner. Von A bis Z… [&hellip;]
