{"id":1406,"date":"2023-03-22T11:14:34","date_gmt":"2023-03-22T10:14:34","guid":{"rendered":"https:\/\/leren-zonder-grenzen.com\/event\/treffen-grenswerk-in-gronau\/"},"modified":"2023-06-08T10:15:46","modified_gmt":"2023-06-08T08:15:46","slug":"treffen-grenswerk-in-gronau","status":"publish","type":"event","link":"https:\/\/leren-zonder-grenzen.com\/de\/event\/treffen-grenswerk-in-gronau\/","title":{"rendered":"Treffen Grenswerk in Gronau"},"content":{"rendered":"<p>Im M\u00e4rz stellte Rob Rouwers den Partnern von Grenswerk das Konzept &#8222;Euregionale KennisWerkplaatsen&#8220; (EKW) vor. Dazu geh\u00f6ren die UWV Werkbedrijf Twente, Werkplein Twente und das Grenswerk-Team selbst. Rob erhielt viele positive R\u00fcckmeldungen, und die Ideen stie\u00dfen in der Gruppe auf reges Interesse. Es gab Fragen zur IHK, zu den Abschlusspr\u00fcfungen und \u00e4hnlichen Initiativen. Die zentrale Frage bleibt: Wie werden wir das alles miteinander verbinden? Dieses Treffen wurde geplant, um die Pl\u00e4ne zu konkretisieren und um noch mehr Ideen auszutauschen.<\/p>\n","protected":false},"excerpt":{"rendered":"<p>Im M\u00e4rz stellte Rob Rouwers den Partnern von Grenswerk das Konzept &#8222;Euregionale KennisWerkplaatsen&#8220; (EKW) vor. Dazu geh\u00f6ren die UWV Werkbedrijf Twente, Werkplein Twente und das Grenswerk-Team selbst. Rob erhielt viele positive R\u00fcckmeldungen, und die Ideen stie\u00dfen in der Gruppe auf reges Interesse. Es gab Fragen zur IHK, zu den Abschlusspr\u00fcfungen und \u00e4hnlichen Initiativen. Die zentrale [&hellip;]<\/p>\n","protected":false},"featured_media":684,"parent":0,"menu_order":0,"template":"","class_list":["post-1406","event","type-event","status-publish","has-post-thumbnail","hentry"],"acf":[],"yoast_head":"<!-- This site is optimized with the Yoast SEO plugin v27.5 - https:\/\/yoast.com\/product\/yoast-seo-wordpress\/ -->\n<title>Treffen Grenswerk in Gronau - Lernen ohne Grenzen<\/title>\n<meta name=\"description\" content=\"Im M\u00e4rz stellte Rob Rouwers den Partnern von Grenswerk das Konzept &quot;Euregionale KennisWerkplaatsen&quot; (EKW) vor.\" \/>\n<meta name=\"robots\" content=\"index, follow, max-snippet:-1, max-image-preview:large, max-video-preview:-1\" \/>\n<link rel=\"canonical\" href=\"https:\/\/leren-zonder-grenzen.com\/de\/event\/treffen-grenswerk-in-gronau\/\" \/>\n<meta property=\"og:locale\" content=\"de_DE\" \/>\n<meta property=\"og:type\" content=\"article\" \/>\n<meta property=\"og:title\" content=\"Treffen Grenswerk in Gronau - Lernen ohne Grenzen\" \/>\n<meta property=\"og:description\" content=\"Im M\u00e4rz stellte Rob Rouwers den Partnern von Grenswerk das Konzept &quot;Euregionale KennisWerkplaatsen&quot; (EKW) vor.\" \/>\n<meta property=\"og:url\" content=\"https:\/\/leren-zonder-grenzen.com\/de\/event\/treffen-grenswerk-in-gronau\/\" \/>\n<meta property=\"og:site_name\" content=\"Lernen ohne Grenzen\" \/>\n<meta property=\"article:publisher\" content=\"https:\/\/www.facebook.com\/profile.php?id=100047355472830\" \/>\n<meta property=\"article:modified_time\" content=\"2023-06-08T08:15:46+00:00\" \/>\n<meta property=\"og:image\" content=\"https:\/\/leren-zonder-grenzen.com\/wp-content\/uploads\/2023\/02\/pexels-anthony-beck-4278035.webp\" \/>\n\t<meta property=\"og:image:width\" content=\"1280\" \/>\n\t<meta property=\"og:image:height\" content=\"853\" \/>\n\t<meta property=\"og:image:type\" content=\"image\/webp\" \/>\n<meta name=\"twitter:card\" content=\"summary_large_image\" \/>\n<script type=\"application\/ld+json\" class=\"yoast-schema-graph\">{\"@context\":\"https:\\\/\\\/schema.org\",\"@graph\":[{\"@type\":\"WebPage\",\"@id\":\"https:\\\/\\\/leren-zonder-grenzen.com\\\/de\\\/event\\\/treffen-grenswerk-in-gronau\\\/\",\"url\":\"https:\\\/\\\/leren-zonder-grenzen.com\\\/de\\\/event\\\/treffen-grenswerk-in-gronau\\\/\",\"name\":\"Treffen Grenswerk in Gronau - Lernen ohne Grenzen\",\"isPartOf\":{\"@id\":\"https:\\\/\\\/leren-zonder-grenzen.com\\\/de\\\/#website\"},\"primaryImageOfPage\":{\"@id\":\"https:\\\/\\\/leren-zonder-grenzen.com\\\/de\\\/event\\\/treffen-grenswerk-in-gronau\\\/#primaryimage\"},\"image\":{\"@id\":\"https:\\\/\\\/leren-zonder-grenzen.com\\\/de\\\/event\\\/treffen-grenswerk-in-gronau\\\/#primaryimage\"},\"thumbnailUrl\":\"https:\\\/\\\/leren-zonder-grenzen.com\\\/wp-content\\\/uploads\\\/2023\\\/02\\\/pexels-anthony-beck-4278035.webp\",\"datePublished\":\"2023-03-22T10:14:34+00:00\",\"dateModified\":\"2023-06-08T08:15:46+00:00\",\"description\":\"Im M\u00e4rz stellte Rob Rouwers den Partnern von Grenswerk das Konzept \\\"Euregionale KennisWerkplaatsen\\\" (EKW) vor.\",\"breadcrumb\":{\"@id\":\"https:\\\/\\\/leren-zonder-grenzen.com\\\/de\\\/event\\\/treffen-grenswerk-in-gronau\\\/#breadcrumb\"},\"inLanguage\":\"de\",\"potentialAction\":[{\"@type\":\"ReadAction\",\"target\":[\"https:\\\/\\\/leren-zonder-grenzen.com\\\/de\\\/event\\\/treffen-grenswerk-in-gronau\\\/\"]}]},{\"@type\":\"ImageObject\",\"inLanguage\":\"de\",\"@id\":\"https:\\\/\\\/leren-zonder-grenzen.com\\\/de\\\/event\\\/treffen-grenswerk-in-gronau\\\/#primaryimage\",\"url\":\"https:\\\/\\\/leren-zonder-grenzen.com\\\/wp-content\\\/uploads\\\/2023\\\/02\\\/pexels-anthony-beck-4278035.webp\",\"contentUrl\":\"https:\\\/\\\/leren-zonder-grenzen.com\\\/wp-content\\\/uploads\\\/2023\\\/02\\\/pexels-anthony-beck-4278035.webp\",\"width\":1280,\"height\":853,\"caption\":\"nederland duitsland grenswerk\"},{\"@type\":\"BreadcrumbList\",\"@id\":\"https:\\\/\\\/leren-zonder-grenzen.com\\\/de\\\/event\\\/treffen-grenswerk-in-gronau\\\/#breadcrumb\",\"itemListElement\":[{\"@type\":\"ListItem\",\"position\":1,\"name\":\"Home\",\"item\":\"https:\\\/\\\/leren-zonder-grenzen.com\\\/de\\\/home\\\/\"},{\"@type\":\"ListItem\",\"position\":2,\"name\":\"Events\",\"item\":\"https:\\\/\\\/leren-zonder-grenzen.com\\\/de\\\/events\\\/\"},{\"@type\":\"ListItem\",\"position\":3,\"name\":\"Treffen Grenswerk in Gronau\"}]},{\"@type\":\"WebSite\",\"@id\":\"https:\\\/\\\/leren-zonder-grenzen.com\\\/de\\\/#website\",\"url\":\"https:\\\/\\\/leren-zonder-grenzen.com\\\/de\\\/\",\"name\":\"Lernen ohne Grenzen\",\"description\":\"Grenzenlos entdecken\",\"publisher\":{\"@id\":\"https:\\\/\\\/leren-zonder-grenzen.com\\\/de\\\/#organization\"},\"alternateName\":\"LZG\",\"potentialAction\":[{\"@type\":\"SearchAction\",\"target\":{\"@type\":\"EntryPoint\",\"urlTemplate\":\"https:\\\/\\\/leren-zonder-grenzen.com\\\/de\\\/?s={search_term_string}\"},\"query-input\":{\"@type\":\"PropertyValueSpecification\",\"valueRequired\":true,\"valueName\":\"search_term_string\"}}],\"inLanguage\":\"de\"},{\"@type\":\"Organization\",\"@id\":\"https:\\\/\\\/leren-zonder-grenzen.com\\\/de\\\/#organization\",\"name\":\"Leren zonder grenzen\",\"alternateName\":\"LZG\",\"url\":\"https:\\\/\\\/leren-zonder-grenzen.com\\\/de\\\/\",\"logo\":{\"@type\":\"ImageObject\",\"inLanguage\":\"de\",\"@id\":\"https:\\\/\\\/leren-zonder-grenzen.com\\\/de\\\/#\\\/schema\\\/logo\\\/image\\\/\",\"url\":\"https:\\\/\\\/leren-zonder-grenzen.com\\\/wp-content\\\/uploads\\\/2022\\\/12\\\/header-logo-leren-zonder-grenzen.svg\",\"contentUrl\":\"https:\\\/\\\/leren-zonder-grenzen.com\\\/wp-content\\\/uploads\\\/2022\\\/12\\\/header-logo-leren-zonder-grenzen.svg\",\"width\":126,\"height\":181,\"caption\":\"Leren zonder grenzen\"},\"image\":{\"@id\":\"https:\\\/\\\/leren-zonder-grenzen.com\\\/de\\\/#\\\/schema\\\/logo\\\/image\\\/\"},\"sameAs\":[\"https:\\\/\\\/www.facebook.com\\\/profile.php?id=100047355472830\"]}]}<\/script>\n<!-- \/ Yoast SEO plugin. -->","yoast_head_json":{"title":"Treffen Grenswerk in Gronau - Lernen ohne Grenzen","description":"Im M\u00e4rz stellte Rob Rouwers den Partnern von Grenswerk das Konzept \"Euregionale KennisWerkplaatsen\" (EKW) vor.","robots":{"index":"index","follow":"follow","max-snippet":"max-snippet:-1","max-image-preview":"max-image-preview:large","max-video-preview":"max-video-preview:-1"},"canonical":"https:\/\/leren-zonder-grenzen.com\/de\/event\/treffen-grenswerk-in-gronau\/","og_locale":"de_DE","og_type":"article","og_title":"Treffen Grenswerk in Gronau - Lernen ohne Grenzen","og_description":"Im M\u00e4rz stellte Rob Rouwers den Partnern von Grenswerk das Konzept \"Euregionale KennisWerkplaatsen\" (EKW) vor.","og_url":"https:\/\/leren-zonder-grenzen.com\/de\/event\/treffen-grenswerk-in-gronau\/","og_site_name":"Lernen ohne Grenzen","article_publisher":"https:\/\/www.facebook.com\/profile.php?id=100047355472830","article_modified_time":"2023-06-08T08:15:46+00:00","og_image":[{"width":1280,"height":853,"url":"https:\/\/leren-zonder-grenzen.com\/wp-content\/uploads\/2023\/02\/pexels-anthony-beck-4278035.webp","type":"image\/webp"}],"twitter_card":"summary_large_image","schema":{"@context":"https:\/\/schema.org","@graph":[{"@type":"WebPage","@id":"https:\/\/leren-zonder-grenzen.com\/de\/event\/treffen-grenswerk-in-gronau\/","url":"https:\/\/leren-zonder-grenzen.com\/de\/event\/treffen-grenswerk-in-gronau\/","name":"Treffen Grenswerk in Gronau - Lernen ohne Grenzen","isPartOf":{"@id":"https:\/\/leren-zonder-grenzen.com\/de\/#website"},"primaryImageOfPage":{"@id":"https:\/\/leren-zonder-grenzen.com\/de\/event\/treffen-grenswerk-in-gronau\/#primaryimage"},"image":{"@id":"https:\/\/leren-zonder-grenzen.com\/de\/event\/treffen-grenswerk-in-gronau\/#primaryimage"},"thumbnailUrl":"https:\/\/leren-zonder-grenzen.com\/wp-content\/uploads\/2023\/02\/pexels-anthony-beck-4278035.webp","datePublished":"2023-03-22T10:14:34+00:00","dateModified":"2023-06-08T08:15:46+00:00","description":"Im M\u00e4rz stellte Rob Rouwers den Partnern von Grenswerk das Konzept \"Euregionale KennisWerkplaatsen\" (EKW) vor.","breadcrumb":{"@id":"https:\/\/leren-zonder-grenzen.com\/de\/event\/treffen-grenswerk-in-gronau\/#breadcrumb"},"inLanguage":"de","potentialAction":[{"@type":"ReadAction","target":["https:\/\/leren-zonder-grenzen.com\/de\/event\/treffen-grenswerk-in-gronau\/"]}]},{"@type":"ImageObject","inLanguage":"de","@id":"https:\/\/leren-zonder-grenzen.com\/de\/event\/treffen-grenswerk-in-gronau\/#primaryimage","url":"https:\/\/leren-zonder-grenzen.com\/wp-content\/uploads\/2023\/02\/pexels-anthony-beck-4278035.webp","contentUrl":"https:\/\/leren-zonder-grenzen.com\/wp-content\/uploads\/2023\/02\/pexels-anthony-beck-4278035.webp","width":1280,"height":853,"caption":"nederland duitsland grenswerk"},{"@type":"BreadcrumbList","@id":"https:\/\/leren-zonder-grenzen.com\/de\/event\/treffen-grenswerk-in-gronau\/#breadcrumb","itemListElement":[{"@type":"ListItem","position":1,"name":"Home","item":"https:\/\/leren-zonder-grenzen.com\/de\/home\/"},{"@type":"ListItem","position":2,"name":"Events","item":"https:\/\/leren-zonder-grenzen.com\/de\/events\/"},{"@type":"ListItem","position":3,"name":"Treffen Grenswerk in Gronau"}]},{"@type":"WebSite","@id":"https:\/\/leren-zonder-grenzen.com\/de\/#website","url":"https:\/\/leren-zonder-grenzen.com\/de\/","name":"Lernen ohne Grenzen","description":"Grenzenlos entdecken","publisher":{"@id":"https:\/\/leren-zonder-grenzen.com\/de\/#organization"},"alternateName":"LZG","potentialAction":[{"@type":"SearchAction","target":{"@type":"EntryPoint","urlTemplate":"https:\/\/leren-zonder-grenzen.com\/de\/?s={search_term_string}"},"query-input":{"@type":"PropertyValueSpecification","valueRequired":true,"valueName":"search_term_string"}}],"inLanguage":"de"},{"@type":"Organization","@id":"https:\/\/leren-zonder-grenzen.com\/de\/#organization","name":"Leren zonder grenzen","alternateName":"LZG","url":"https:\/\/leren-zonder-grenzen.com\/de\/","logo":{"@type":"ImageObject","inLanguage":"de","@id":"https:\/\/leren-zonder-grenzen.com\/de\/#\/schema\/logo\/image\/","url":"https:\/\/leren-zonder-grenzen.com\/wp-content\/uploads\/2022\/12\/header-logo-leren-zonder-grenzen.svg","contentUrl":"https:\/\/leren-zonder-grenzen.com\/wp-content\/uploads\/2022\/12\/header-logo-leren-zonder-grenzen.svg","width":126,"height":181,"caption":"Leren zonder grenzen"},"image":{"@id":"https:\/\/leren-zonder-grenzen.com\/de\/#\/schema\/logo\/image\/"},"sameAs":["https:\/\/www.facebook.com\/profile.php?id=100047355472830"]}]}},"_links":{"self":[{"href":"https:\/\/leren-zonder-grenzen.com\/de\/wp-json\/wp\/v2\/event\/1406","targetHints":{"allow":["GET"]}}],"collection":[{"href":"https:\/\/leren-zonder-grenzen.com\/de\/wp-json\/wp\/v2\/event"}],"about":[{"href":"https:\/\/leren-zonder-grenzen.com\/de\/wp-json\/wp\/v2\/types\/event"}],"wp:featuredmedia":[{"embeddable":true,"href":"https:\/\/leren-zonder-grenzen.com\/de\/wp-json\/wp\/v2\/media\/684"}],"wp:attachment":[{"href":"https:\/\/leren-zonder-grenzen.com\/de\/wp-json\/wp\/v2\/media?parent=1406"}],"curies":[{"name":"wp","href":"https:\/\/api.w.org\/{rel}","templated":true}]}}

<p>Im März stellte Rob Rouwers den Partnern von Grenswerk das Konzept &#8222;Euregionale KennisWerkplaatsen&#8220; (EKW) vor. Dazu gehören die UWV Werkbedrijf Twente, Werkplein Twente und das Grenswerk-Team selbst. Rob erhielt viele positive Rückmeldungen, und die Ideen stießen in der Gruppe auf reges Interesse. Es gab Fragen zur IHK, zu den Abschlussprüfungen und ähnlichen Initiativen. Die zentrale Frage bleibt: Wie werden wir das alles miteinander verbinden? Dieses Treffen wurde geplant, um die Pläne zu konkretisieren und um noch mehr Ideen auszutauschen.</p>

<p>Im März stellte Rob Rouwers den Partnern von Grenswerk das Konzept &#8222;Euregionale KennisWerkplaatsen&#8220; (EKW) vor. Dazu gehören die UWV Werkbedrijf Twente, Werkplein Twente und das Grenswerk-Team selbst. Rob erhielt viele positive Rückmeldungen, und die Ideen stießen in der Gruppe auf reges Interesse. Es gab Fragen zur IHK, zu den Abschlussprüfungen und ähnlichen Initiativen. Die zentrale [&hellip;]</p>

<!-- This site is optimized with the Yoast SEO plugin v27.5 - https://yoast.com/product/yoast-seo-wordpress/ -->
<title>Treffen Grenswerk in Gronau - Lernen ohne Grenzen</title>
<meta name="description" content="Im März stellte Rob Rouwers den Partnern von Grenswerk das Konzept &quot;Euregionale KennisWerkplaatsen&quot; (EKW) vor." />
<meta name="robots" content="index, follow, max-snippet:-1, max-image-preview:large, max-video-preview:-1" />
<link rel="canonical" href="https://leren-zonder-grenzen.com/de/event/treffen-grenswerk-in-gronau/" />
<meta property="og:locale" content="de_DE" />
<meta property="og:type" content="article" />
<meta property="og:title" content="Treffen Grenswerk in Gronau - Lernen ohne Grenzen" />
<meta property="og:description" content="Im März stellte Rob Rouwers den Partnern von Grenswerk das Konzept &quot;Euregionale KennisWerkplaatsen&quot; (EKW) vor." />
<meta property="og:url" content="https://leren-zonder-grenzen.com/de/event/treffen-grenswerk-in-gronau/" />
<meta property="og:site_name" content="Lernen ohne Grenzen" />
<meta property="article:publisher" content="https://www.facebook.com/profile.php?id=100047355472830" />
<meta property="article:modified_time" content="2023-06-08T08:15:46+00:00" />
<meta property="og:image" content="https://leren-zonder-grenzen.com/wp-content/uploads/2023/02/pexels-anthony-beck-4278035.webp" />
	<meta property="og:image:width" content="1280" />
	<meta property="og:image:height" content="853" />
	<meta property="og:image:type" content="image/webp" />
<meta name="twitter:card" content="summary_large_image" />
<script type="application/ld+json" class="yoast-schema-graph">{"@context":"https:\/\/schema.org","@graph":[{"@type":"WebPage","@id":"https:\/\/leren-zonder-grenzen.com\/de\/event\/treffen-grenswerk-in-gronau\/","url":"https:\/\/leren-zonder-grenzen.com\/de\/event\/treffen-grenswerk-in-gronau\/","name":"Treffen Grenswerk in Gronau - Lernen ohne Grenzen","isPartOf":{"@id":"https:\/\/leren-zonder-grenzen.com\/de\/#website"},"primaryImageOfPage":{"@id":"https:\/\/leren-zonder-grenzen.com\/de\/event\/treffen-grenswerk-in-gronau\/#primaryimage"},"image":{"@id":"https:\/\/leren-zonder-grenzen.com\/de\/event\/treffen-grenswerk-in-gronau\/#primaryimage"},"thumbnailUrl":"https:\/\/leren-zonder-grenzen.com\/wp-content\/uploads\/2023\/02\/pexels-anthony-beck-4278035.webp","datePublished":"2023-03-22T10:14:34+00:00","dateModified":"2023-06-08T08:15:46+00:00","description":"Im März stellte Rob Rouwers den Partnern von Grenswerk das Konzept \"Euregionale KennisWerkplaatsen\" (EKW) vor.","breadcrumb":{"@id":"https:\/\/leren-zonder-grenzen.com\/de\/event\/treffen-grenswerk-in-gronau\/#breadcrumb"},"inLanguage":"de","potentialAction":[{"@type":"ReadAction","target":["https:\/\/leren-zonder-grenzen.com\/de\/event\/treffen-grenswerk-in-gronau\/"]}]},{"@type":"ImageObject","inLanguage":"de","@id":"https:\/\/leren-zonder-grenzen.com\/de\/event\/treffen-grenswerk-in-gronau\/#primaryimage","url":"https:\/\/leren-zonder-grenzen.com\/wp-content\/uploads\/2023\/02\/pexels-anthony-beck-4278035.webp","contentUrl":"https:\/\/leren-zonder-grenzen.com\/wp-content\/uploads\/2023\/02\/pexels-anthony-beck-4278035.webp","width":1280,"height":853,"caption":"nederland duitsland grenswerk"},{"@type":"BreadcrumbList","@id":"https:\/\/leren-zonder-grenzen.com\/de\/event\/treffen-grenswerk-in-gronau\/#breadcrumb","itemListElement":[{"@type":"ListItem","position":1,"name":"Home","item":"https:\/\/leren-zonder-grenzen.com\/de\/home\/"},{"@type":"ListItem","position":2,"name":"Events","item":"https:\/\/leren-zonder-grenzen.com\/de\/events\/"},{"@type":"ListItem","position":3,"name":"Treffen Grenswerk in Gronau"}]},{"@type":"WebSite","@id":"https:\/\/leren-zonder-grenzen.com\/de\/#website","url":"https:\/\/leren-zonder-grenzen.com\/de\/","name":"Lernen ohne Grenzen","description":"Grenzenlos entdecken","publisher":{"@id":"https:\/\/leren-zonder-grenzen.com\/de\/#organization"},"alternateName":"LZG","potentialAction":[{"@type":"SearchAction","target":{"@type":"EntryPoint","urlTemplate":"https:\/\/leren-zonder-grenzen.com\/de\/?s={search_term_string}"},"query-input":{"@type":"PropertyValueSpecification","valueRequired":true,"valueName":"search_term_string"}}],"inLanguage":"de"},{"@type":"Organization","@id":"https:\/\/leren-zonder-grenzen.com\/de\/#organization","name":"Leren zonder grenzen","alternateName":"LZG","url":"https:\/\/leren-zonder-grenzen.com\/de\/","logo":{"@type":"ImageObject","inLanguage":"de","@id":"https:\/\/leren-zonder-grenzen.com\/de\/#\/schema\/logo\/image\/","url":"https:\/\/leren-zonder-grenzen.com\/wp-content\/uploads\/2022\/12\/header-logo-leren-zonder-grenzen.svg","contentUrl":"https:\/\/leren-zonder-grenzen.com\/wp-content\/uploads\/2022\/12\/header-logo-leren-zonder-grenzen.svg","width":126,"height":181,"caption":"Leren zonder grenzen"},"image":{"@id":"https:\/\/leren-zonder-grenzen.com\/de\/#\/schema\/logo\/image\/"},"sameAs":["https:\/\/www.facebook.com\/profile.php?id=100047355472830"]}]}</script>
<!-- / Yoast SEO plugin. -->

Im März stellte Rob Rouwers den Partnern von Grenswerk das Konzept "Euregionale KennisWerkplaatsen" (EKW) vor.
