{"id":1649,"date":"2023-06-13T12:28:59","date_gmt":"2023-06-13T10:28:59","guid":{"rendered":"https:\/\/leren-zonder-grenzen.com\/event\/beginn-der-sommerferien\/"},"modified":"2023-06-13T12:36:42","modified_gmt":"2023-06-13T10:36:42","slug":"beginn-der-sommerferien","status":"publish","type":"event","link":"https:\/\/leren-zonder-grenzen.com\/de\/event\/beginn-der-sommerferien\/","title":{"rendered":"Beginn der Sommerferien"},"content":{"rendered":"<p>Ab Donnerstag, dem 22. Juni, beginnen in Nordrhein-Westfalen die Schulferien, die niederl\u00e4ndischen Regionen folgen einige Wochen sp\u00e4ter. Aber das bedeutet nat\u00fcrlich nicht, dass wir unt\u00e4tig sind! Hinter den Kulissen werden weiterhin neue Projekte initiiert und beantragt, \u00fcber die wir nach den Ferien gerne ausf\u00fchrlicher berichten werden. Ideen, Tipps und Anregungen sind und bleiben nat\u00fcrlich willkommen. Bis dahin w\u00fcnschen wir allen sch\u00f6ne und sonnige Ferien!<\/p>\n<p><img loading=\"lazy\" decoding=\"async\" class=\"alignnone size-full wp-image-1093\" src=\"https:\/\/leren-zonder-grenzen.com\/wp-content\/uploads\/2023\/03\/studenten-stageplek-UKM-Munster.webp\" alt=\"Krankenhaus M\u00fcnster\" width=\"380\" height=\"424\" srcset=\"https:\/\/leren-zonder-grenzen.com\/wp-content\/uploads\/2023\/03\/studenten-stageplek-UKM-Munster.webp 380w, https:\/\/leren-zonder-grenzen.com\/wp-content\/uploads\/2023\/03\/studenten-stageplek-UKM-Munster-269x300.webp 269w\" sizes=\"auto, (max-width: 380px) 100vw, 380px\" \/><\/p>\n","protected":false},"excerpt":{"rendered":"<p>Ab Donnerstag, dem 22. Juni, beginnen in Nordrhein-Westfalen die Schulferien, die niederl\u00e4ndischen Regionen folgen einige Wochen sp\u00e4ter. Aber das bedeutet nat\u00fcrlich nicht, dass wir unt\u00e4tig sind! Hinter den Kulissen werden weiterhin neue Projekte initiiert und beantragt, \u00fcber die wir nach den Ferien gerne ausf\u00fchrlicher berichten werden. Ideen, Tipps und Anregungen sind und bleiben nat\u00fcrlich willkommen. [&hellip;]<\/p>\n","protected":false},"featured_media":1092,"parent":0,"menu_order":0,"template":"","class_list":["post-1649","event","type-event","status-publish","has-post-thumbnail","hentry"],"acf":[],"yoast_head":"<!-- This site is optimized with the Yoast SEO plugin v27.5 - https:\/\/yoast.com\/product\/yoast-seo-wordpress\/ -->\n<title>Beginn der Sommerferien - Lernen ohne Grenzen<\/title>\n<meta name=\"description\" content=\"Ab Donnerstag, dem 22. Juni, beginnen in Nordrhein-Westfalen die Schulferien, die niederl\u00e4ndischen Regionen folgen einige Wochen sp\u00e4ter.\" \/>\n<meta name=\"robots\" content=\"index, follow, max-snippet:-1, max-image-preview:large, max-video-preview:-1\" \/>\n<link rel=\"canonical\" href=\"https:\/\/leren-zonder-grenzen.com\/de\/event\/beginn-der-sommerferien\/\" \/>\n<meta property=\"og:locale\" content=\"de_DE\" \/>\n<meta property=\"og:type\" content=\"article\" \/>\n<meta property=\"og:title\" content=\"Beginn der Sommerferien - Lernen ohne Grenzen\" \/>\n<meta property=\"og:description\" content=\"Ab Donnerstag, dem 22. Juni, beginnen in Nordrhein-Westfalen die Schulferien, die niederl\u00e4ndischen Regionen folgen einige Wochen sp\u00e4ter.\" \/>\n<meta property=\"og:url\" content=\"https:\/\/leren-zonder-grenzen.com\/de\/event\/beginn-der-sommerferien\/\" \/>\n<meta property=\"og:site_name\" content=\"Lernen ohne Grenzen\" \/>\n<meta property=\"article:publisher\" content=\"https:\/\/www.facebook.com\/profile.php?id=100047355472830\" \/>\n<meta property=\"article:modified_time\" content=\"2023-06-13T10:36:42+00:00\" \/>\n<meta property=\"og:image\" content=\"https:\/\/leren-zonder-grenzen.com\/wp-content\/uploads\/2023\/03\/Afbeelding-stage-munster.webp\" \/>\n\t<meta property=\"og:image:width\" content=\"454\" \/>\n\t<meta property=\"og:image:height\" content=\"340\" \/>\n\t<meta property=\"og:image:type\" content=\"image\/webp\" \/>\n<meta name=\"twitter:card\" content=\"summary_large_image\" \/>\n<script type=\"application\/ld+json\" class=\"yoast-schema-graph\">{\"@context\":\"https:\\\/\\\/schema.org\",\"@graph\":[{\"@type\":\"WebPage\",\"@id\":\"https:\\\/\\\/leren-zonder-grenzen.com\\\/de\\\/event\\\/beginn-der-sommerferien\\\/\",\"url\":\"https:\\\/\\\/leren-zonder-grenzen.com\\\/de\\\/event\\\/beginn-der-sommerferien\\\/\",\"name\":\"Beginn der Sommerferien - Lernen ohne Grenzen\",\"isPartOf\":{\"@id\":\"https:\\\/\\\/leren-zonder-grenzen.com\\\/de\\\/#website\"},\"primaryImageOfPage\":{\"@id\":\"https:\\\/\\\/leren-zonder-grenzen.com\\\/de\\\/event\\\/beginn-der-sommerferien\\\/#primaryimage\"},\"image\":{\"@id\":\"https:\\\/\\\/leren-zonder-grenzen.com\\\/de\\\/event\\\/beginn-der-sommerferien\\\/#primaryimage\"},\"thumbnailUrl\":\"https:\\\/\\\/leren-zonder-grenzen.com\\\/wp-content\\\/uploads\\\/2023\\\/03\\\/Afbeelding-stage-munster.webp\",\"datePublished\":\"2023-06-13T10:28:59+00:00\",\"dateModified\":\"2023-06-13T10:36:42+00:00\",\"description\":\"Ab Donnerstag, dem 22. Juni, beginnen in Nordrhein-Westfalen die Schulferien, die niederl\u00e4ndischen Regionen folgen einige Wochen sp\u00e4ter.\",\"breadcrumb\":{\"@id\":\"https:\\\/\\\/leren-zonder-grenzen.com\\\/de\\\/event\\\/beginn-der-sommerferien\\\/#breadcrumb\"},\"inLanguage\":\"de\",\"potentialAction\":[{\"@type\":\"ReadAction\",\"target\":[\"https:\\\/\\\/leren-zonder-grenzen.com\\\/de\\\/event\\\/beginn-der-sommerferien\\\/\"]}]},{\"@type\":\"ImageObject\",\"inLanguage\":\"de\",\"@id\":\"https:\\\/\\\/leren-zonder-grenzen.com\\\/de\\\/event\\\/beginn-der-sommerferien\\\/#primaryimage\",\"url\":\"https:\\\/\\\/leren-zonder-grenzen.com\\\/wp-content\\\/uploads\\\/2023\\\/03\\\/Afbeelding-stage-munster.webp\",\"contentUrl\":\"https:\\\/\\\/leren-zonder-grenzen.com\\\/wp-content\\\/uploads\\\/2023\\\/03\\\/Afbeelding-stage-munster.webp\",\"width\":454,\"height\":340,\"caption\":\"stage-munster\"},{\"@type\":\"BreadcrumbList\",\"@id\":\"https:\\\/\\\/leren-zonder-grenzen.com\\\/de\\\/event\\\/beginn-der-sommerferien\\\/#breadcrumb\",\"itemListElement\":[{\"@type\":\"ListItem\",\"position\":1,\"name\":\"Home\",\"item\":\"https:\\\/\\\/leren-zonder-grenzen.com\\\/de\\\/home\\\/\"},{\"@type\":\"ListItem\",\"position\":2,\"name\":\"Events\",\"item\":\"https:\\\/\\\/leren-zonder-grenzen.com\\\/de\\\/events\\\/\"},{\"@type\":\"ListItem\",\"position\":3,\"name\":\"Beginn der Sommerferien\"}]},{\"@type\":\"WebSite\",\"@id\":\"https:\\\/\\\/leren-zonder-grenzen.com\\\/de\\\/#website\",\"url\":\"https:\\\/\\\/leren-zonder-grenzen.com\\\/de\\\/\",\"name\":\"Lernen ohne Grenzen\",\"description\":\"Grenzenlos entdecken\",\"publisher\":{\"@id\":\"https:\\\/\\\/leren-zonder-grenzen.com\\\/de\\\/#organization\"},\"alternateName\":\"LZG\",\"potentialAction\":[{\"@type\":\"SearchAction\",\"target\":{\"@type\":\"EntryPoint\",\"urlTemplate\":\"https:\\\/\\\/leren-zonder-grenzen.com\\\/de\\\/?s={search_term_string}\"},\"query-input\":{\"@type\":\"PropertyValueSpecification\",\"valueRequired\":true,\"valueName\":\"search_term_string\"}}],\"inLanguage\":\"de\"},{\"@type\":\"Organization\",\"@id\":\"https:\\\/\\\/leren-zonder-grenzen.com\\\/de\\\/#organization\",\"name\":\"Leren zonder grenzen\",\"alternateName\":\"LZG\",\"url\":\"https:\\\/\\\/leren-zonder-grenzen.com\\\/de\\\/\",\"logo\":{\"@type\":\"ImageObject\",\"inLanguage\":\"de\",\"@id\":\"https:\\\/\\\/leren-zonder-grenzen.com\\\/de\\\/#\\\/schema\\\/logo\\\/image\\\/\",\"url\":\"https:\\\/\\\/leren-zonder-grenzen.com\\\/wp-content\\\/uploads\\\/2022\\\/12\\\/header-logo-leren-zonder-grenzen.svg\",\"contentUrl\":\"https:\\\/\\\/leren-zonder-grenzen.com\\\/wp-content\\\/uploads\\\/2022\\\/12\\\/header-logo-leren-zonder-grenzen.svg\",\"width\":126,\"height\":181,\"caption\":\"Leren zonder grenzen\"},\"image\":{\"@id\":\"https:\\\/\\\/leren-zonder-grenzen.com\\\/de\\\/#\\\/schema\\\/logo\\\/image\\\/\"},\"sameAs\":[\"https:\\\/\\\/www.facebook.com\\\/profile.php?id=100047355472830\"]}]}<\/script>\n<!-- \/ Yoast SEO plugin. -->","yoast_head_json":{"title":"Beginn der Sommerferien - Lernen ohne Grenzen","description":"Ab Donnerstag, dem 22. Juni, beginnen in Nordrhein-Westfalen die Schulferien, die niederl\u00e4ndischen Regionen folgen einige Wochen sp\u00e4ter.","robots":{"index":"index","follow":"follow","max-snippet":"max-snippet:-1","max-image-preview":"max-image-preview:large","max-video-preview":"max-video-preview:-1"},"canonical":"https:\/\/leren-zonder-grenzen.com\/de\/event\/beginn-der-sommerferien\/","og_locale":"de_DE","og_type":"article","og_title":"Beginn der Sommerferien - Lernen ohne Grenzen","og_description":"Ab Donnerstag, dem 22. Juni, beginnen in Nordrhein-Westfalen die Schulferien, die niederl\u00e4ndischen Regionen folgen einige Wochen sp\u00e4ter.","og_url":"https:\/\/leren-zonder-grenzen.com\/de\/event\/beginn-der-sommerferien\/","og_site_name":"Lernen ohne Grenzen","article_publisher":"https:\/\/www.facebook.com\/profile.php?id=100047355472830","article_modified_time":"2023-06-13T10:36:42+00:00","og_image":[{"width":454,"height":340,"url":"https:\/\/leren-zonder-grenzen.com\/wp-content\/uploads\/2023\/03\/Afbeelding-stage-munster.webp","type":"image\/webp"}],"twitter_card":"summary_large_image","schema":{"@context":"https:\/\/schema.org","@graph":[{"@type":"WebPage","@id":"https:\/\/leren-zonder-grenzen.com\/de\/event\/beginn-der-sommerferien\/","url":"https:\/\/leren-zonder-grenzen.com\/de\/event\/beginn-der-sommerferien\/","name":"Beginn der Sommerferien - Lernen ohne Grenzen","isPartOf":{"@id":"https:\/\/leren-zonder-grenzen.com\/de\/#website"},"primaryImageOfPage":{"@id":"https:\/\/leren-zonder-grenzen.com\/de\/event\/beginn-der-sommerferien\/#primaryimage"},"image":{"@id":"https:\/\/leren-zonder-grenzen.com\/de\/event\/beginn-der-sommerferien\/#primaryimage"},"thumbnailUrl":"https:\/\/leren-zonder-grenzen.com\/wp-content\/uploads\/2023\/03\/Afbeelding-stage-munster.webp","datePublished":"2023-06-13T10:28:59+00:00","dateModified":"2023-06-13T10:36:42+00:00","description":"Ab Donnerstag, dem 22. Juni, beginnen in Nordrhein-Westfalen die Schulferien, die niederl\u00e4ndischen Regionen folgen einige Wochen sp\u00e4ter.","breadcrumb":{"@id":"https:\/\/leren-zonder-grenzen.com\/de\/event\/beginn-der-sommerferien\/#breadcrumb"},"inLanguage":"de","potentialAction":[{"@type":"ReadAction","target":["https:\/\/leren-zonder-grenzen.com\/de\/event\/beginn-der-sommerferien\/"]}]},{"@type":"ImageObject","inLanguage":"de","@id":"https:\/\/leren-zonder-grenzen.com\/de\/event\/beginn-der-sommerferien\/#primaryimage","url":"https:\/\/leren-zonder-grenzen.com\/wp-content\/uploads\/2023\/03\/Afbeelding-stage-munster.webp","contentUrl":"https:\/\/leren-zonder-grenzen.com\/wp-content\/uploads\/2023\/03\/Afbeelding-stage-munster.webp","width":454,"height":340,"caption":"stage-munster"},{"@type":"BreadcrumbList","@id":"https:\/\/leren-zonder-grenzen.com\/de\/event\/beginn-der-sommerferien\/#breadcrumb","itemListElement":[{"@type":"ListItem","position":1,"name":"Home","item":"https:\/\/leren-zonder-grenzen.com\/de\/home\/"},{"@type":"ListItem","position":2,"name":"Events","item":"https:\/\/leren-zonder-grenzen.com\/de\/events\/"},{"@type":"ListItem","position":3,"name":"Beginn der Sommerferien"}]},{"@type":"WebSite","@id":"https:\/\/leren-zonder-grenzen.com\/de\/#website","url":"https:\/\/leren-zonder-grenzen.com\/de\/","name":"Lernen ohne Grenzen","description":"Grenzenlos entdecken","publisher":{"@id":"https:\/\/leren-zonder-grenzen.com\/de\/#organization"},"alternateName":"LZG","potentialAction":[{"@type":"SearchAction","target":{"@type":"EntryPoint","urlTemplate":"https:\/\/leren-zonder-grenzen.com\/de\/?s={search_term_string}"},"query-input":{"@type":"PropertyValueSpecification","valueRequired":true,"valueName":"search_term_string"}}],"inLanguage":"de"},{"@type":"Organization","@id":"https:\/\/leren-zonder-grenzen.com\/de\/#organization","name":"Leren zonder grenzen","alternateName":"LZG","url":"https:\/\/leren-zonder-grenzen.com\/de\/","logo":{"@type":"ImageObject","inLanguage":"de","@id":"https:\/\/leren-zonder-grenzen.com\/de\/#\/schema\/logo\/image\/","url":"https:\/\/leren-zonder-grenzen.com\/wp-content\/uploads\/2022\/12\/header-logo-leren-zonder-grenzen.svg","contentUrl":"https:\/\/leren-zonder-grenzen.com\/wp-content\/uploads\/2022\/12\/header-logo-leren-zonder-grenzen.svg","width":126,"height":181,"caption":"Leren zonder grenzen"},"image":{"@id":"https:\/\/leren-zonder-grenzen.com\/de\/#\/schema\/logo\/image\/"},"sameAs":["https:\/\/www.facebook.com\/profile.php?id=100047355472830"]}]}},"_links":{"self":[{"href":"https:\/\/leren-zonder-grenzen.com\/de\/wp-json\/wp\/v2\/event\/1649","targetHints":{"allow":["GET"]}}],"collection":[{"href":"https:\/\/leren-zonder-grenzen.com\/de\/wp-json\/wp\/v2\/event"}],"about":[{"href":"https:\/\/leren-zonder-grenzen.com\/de\/wp-json\/wp\/v2\/types\/event"}],"wp:featuredmedia":[{"embeddable":true,"href":"https:\/\/leren-zonder-grenzen.com\/de\/wp-json\/wp\/v2\/media\/1092"}],"wp:attachment":[{"href":"https:\/\/leren-zonder-grenzen.com\/de\/wp-json\/wp\/v2\/media?parent=1649"}],"curies":[{"name":"wp","href":"https:\/\/api.w.org\/{rel}","templated":true}]}}

<p>Ab Donnerstag, dem 22. Juni, beginnen in Nordrhein-Westfalen die Schulferien, die niederländischen Regionen folgen einige Wochen später. Aber das bedeutet natürlich nicht, dass wir untätig sind! Hinter den Kulissen werden weiterhin neue Projekte initiiert und beantragt, über die wir nach den Ferien gerne ausführlicher berichten werden. Ideen, Tipps und Anregungen sind und bleiben natürlich willkommen. Bis dahin wünschen wir allen schöne und sonnige Ferien!</p>
<p><img loading="lazy" decoding="async" class="alignnone size-full wp-image-1093" src="https://leren-zonder-grenzen.com/wp-content/uploads/2023/03/studenten-stageplek-UKM-Munster.webp" alt="Krankenhaus Münster" width="380" height="424" srcset="https://leren-zonder-grenzen.com/wp-content/uploads/2023/03/studenten-stageplek-UKM-Munster.webp 380w, https://leren-zonder-grenzen.com/wp-content/uploads/2023/03/studenten-stageplek-UKM-Munster-269x300.webp 269w" sizes="auto, (max-width: 380px) 100vw, 380px" /></p>

<p>Ab Donnerstag, dem 22. Juni, beginnen in Nordrhein-Westfalen die Schulferien, die niederländischen Regionen folgen einige Wochen später. Aber das bedeutet natürlich nicht, dass wir untätig sind! Hinter den Kulissen werden weiterhin neue Projekte initiiert und beantragt, über die wir nach den Ferien gerne ausführlicher berichten werden. Ideen, Tipps und Anregungen sind und bleiben natürlich willkommen. [&hellip;]</p>

<!-- This site is optimized with the Yoast SEO plugin v27.5 - https://yoast.com/product/yoast-seo-wordpress/ -->
<title>Beginn der Sommerferien - Lernen ohne Grenzen</title>
<meta name="description" content="Ab Donnerstag, dem 22. Juni, beginnen in Nordrhein-Westfalen die Schulferien, die niederländischen Regionen folgen einige Wochen später." />
<meta name="robots" content="index, follow, max-snippet:-1, max-image-preview:large, max-video-preview:-1" />
<link rel="canonical" href="https://leren-zonder-grenzen.com/de/event/beginn-der-sommerferien/" />
<meta property="og:locale" content="de_DE" />
<meta property="og:type" content="article" />
<meta property="og:title" content="Beginn der Sommerferien - Lernen ohne Grenzen" />
<meta property="og:description" content="Ab Donnerstag, dem 22. Juni, beginnen in Nordrhein-Westfalen die Schulferien, die niederländischen Regionen folgen einige Wochen später." />
<meta property="og:url" content="https://leren-zonder-grenzen.com/de/event/beginn-der-sommerferien/" />
<meta property="og:site_name" content="Lernen ohne Grenzen" />
<meta property="article:publisher" content="https://www.facebook.com/profile.php?id=100047355472830" />
<meta property="article:modified_time" content="2023-06-13T10:36:42+00:00" />
<meta property="og:image" content="https://leren-zonder-grenzen.com/wp-content/uploads/2023/03/Afbeelding-stage-munster.webp" />
	<meta property="og:image:width" content="454" />
	<meta property="og:image:height" content="340" />
	<meta property="og:image:type" content="image/webp" />
<meta name="twitter:card" content="summary_large_image" />
<script type="application/ld+json" class="yoast-schema-graph">{"@context":"https:\/\/schema.org","@graph":[{"@type":"WebPage","@id":"https:\/\/leren-zonder-grenzen.com\/de\/event\/beginn-der-sommerferien\/","url":"https:\/\/leren-zonder-grenzen.com\/de\/event\/beginn-der-sommerferien\/","name":"Beginn der Sommerferien - Lernen ohne Grenzen","isPartOf":{"@id":"https:\/\/leren-zonder-grenzen.com\/de\/#website"},"primaryImageOfPage":{"@id":"https:\/\/leren-zonder-grenzen.com\/de\/event\/beginn-der-sommerferien\/#primaryimage"},"image":{"@id":"https:\/\/leren-zonder-grenzen.com\/de\/event\/beginn-der-sommerferien\/#primaryimage"},"thumbnailUrl":"https:\/\/leren-zonder-grenzen.com\/wp-content\/uploads\/2023\/03\/Afbeelding-stage-munster.webp","datePublished":"2023-06-13T10:28:59+00:00","dateModified":"2023-06-13T10:36:42+00:00","description":"Ab Donnerstag, dem 22. Juni, beginnen in Nordrhein-Westfalen die Schulferien, die niederländischen Regionen folgen einige Wochen später.","breadcrumb":{"@id":"https:\/\/leren-zonder-grenzen.com\/de\/event\/beginn-der-sommerferien\/#breadcrumb"},"inLanguage":"de","potentialAction":[{"@type":"ReadAction","target":["https:\/\/leren-zonder-grenzen.com\/de\/event\/beginn-der-sommerferien\/"]}]},{"@type":"ImageObject","inLanguage":"de","@id":"https:\/\/leren-zonder-grenzen.com\/de\/event\/beginn-der-sommerferien\/#primaryimage","url":"https:\/\/leren-zonder-grenzen.com\/wp-content\/uploads\/2023\/03\/Afbeelding-stage-munster.webp","contentUrl":"https:\/\/leren-zonder-grenzen.com\/wp-content\/uploads\/2023\/03\/Afbeelding-stage-munster.webp","width":454,"height":340,"caption":"stage-munster"},{"@type":"BreadcrumbList","@id":"https:\/\/leren-zonder-grenzen.com\/de\/event\/beginn-der-sommerferien\/#breadcrumb","itemListElement":[{"@type":"ListItem","position":1,"name":"Home","item":"https:\/\/leren-zonder-grenzen.com\/de\/home\/"},{"@type":"ListItem","position":2,"name":"Events","item":"https:\/\/leren-zonder-grenzen.com\/de\/events\/"},{"@type":"ListItem","position":3,"name":"Beginn der Sommerferien"}]},{"@type":"WebSite","@id":"https:\/\/leren-zonder-grenzen.com\/de\/#website","url":"https:\/\/leren-zonder-grenzen.com\/de\/","name":"Lernen ohne Grenzen","description":"Grenzenlos entdecken","publisher":{"@id":"https:\/\/leren-zonder-grenzen.com\/de\/#organization"},"alternateName":"LZG","potentialAction":[{"@type":"SearchAction","target":{"@type":"EntryPoint","urlTemplate":"https:\/\/leren-zonder-grenzen.com\/de\/?s={search_term_string}"},"query-input":{"@type":"PropertyValueSpecification","valueRequired":true,"valueName":"search_term_string"}}],"inLanguage":"de"},{"@type":"Organization","@id":"https:\/\/leren-zonder-grenzen.com\/de\/#organization","name":"Leren zonder grenzen","alternateName":"LZG","url":"https:\/\/leren-zonder-grenzen.com\/de\/","logo":{"@type":"ImageObject","inLanguage":"de","@id":"https:\/\/leren-zonder-grenzen.com\/de\/#\/schema\/logo\/image\/","url":"https:\/\/leren-zonder-grenzen.com\/wp-content\/uploads\/2022\/12\/header-logo-leren-zonder-grenzen.svg","contentUrl":"https:\/\/leren-zonder-grenzen.com\/wp-content\/uploads\/2022\/12\/header-logo-leren-zonder-grenzen.svg","width":126,"height":181,"caption":"Leren zonder grenzen"},"image":{"@id":"https:\/\/leren-zonder-grenzen.com\/de\/#\/schema\/logo\/image\/"},"sameAs":["https:\/\/www.facebook.com\/profile.php?id=100047355472830"]}]}</script>
<!-- / Yoast SEO plugin. -->

Ab Donnerstag, dem 22. Juni, beginnen in Nordrhein-Westfalen die Schulferien, die niederländischen Regionen folgen einige Wochen später.
